the remainder when 2879 is divided by 532.
219
What is the remainder when 16561 is divided by 2330?
251
What is the remainder when 6758 is divided by 339?
317
What is the remainder when 25567 is divided by 275?
267
What is the remainder when 1250 is divided by 252?
242
Calculate the remainder when 34235 is divided by 17111.
13
What is the remainder when 386849 is divided by 128948?
5
What is the remainder when 247786 is divided by 5631?
22
What is the remainder when 7743 is divided by 2574?
21
What is the remainder when 95800 is divided by 208?
120
What is the remainder when 11838 is divided by 64?
62
What is the remainder when 13758 is divided by 1719?
6
Calculate the remainder when 129714 is divided by 12.
6
Calculate the remainder when 16746 is divided by 39.
15
Calculate the remainder when 11087 is divided by 291.
29
Calculate the remainder when 7174 is divided by 642.
112
Calculate the remainder when 9397 is divided by 9387.
10
What is the remainder when 2298 is divided by 100?
98
Calculate the remainder when 1378 is divided by 450.
28
What is the remainder when 19599 is divided by 816?
15
Calculate the remainder when 8699 is divided by 663.
80
Calculate the remainder when 206459 is divided by 71.
62
Calculate the remainder when 7022 is divided by 1733.
90
Calculate the remainder when 21212 is divided by 2061.
602
Calculate the remainder when 120731 is divided by 40243.
2
What is the remainder when 529 is divided by 64?
17
Calculate the remainder when 5178 is divided by 48.
42
What is the remainder when 463452 is divided by 1462?
1460
Calculate the remainder when 1609 is divided by 754.
101
Calculate the remainder when 12786 is divided by 10.
6
What is the remainder when 6083 is divided by 2393?
1297
What is the remainder when 847095 is divided by 583?
579
What is the remainder when 187902 is divided by 93949?
4
What is the remainder when 826 is divided by 232?
130
Calculate the remainder when 2042 is divided by 138.
110
Calculate the remainder when 3465 is divided by 495.
0
What is the remainder when 3025 is divided by 6?
1
Calculate the remainder when 826871 is divided by 1338.
1325
Calculate the remainder when 205074 is divided by 102522.
30
Calculate the remainder when 25834 is divided by 470.
454
Calculate the remainder when 40602 is divided by 383.
4
What is the remainder when 101407 is divided by 24?
7
Calculate the remainder when 12004 is divided by 3990.
34
What is the remainder when 8327 is divided by 601?
514
Calculate the remainder when 7737 is divided by 2567.
36
What is the remainder when 110962 is divided by 1233?
1225
Calculate the remainder when 288616 is divided by 390.
16
Calculate the remainder when 3736 is divided by 75.
61
Calculate the remainder when 1113763 is divided by 174.
163
What is the remainder when 1503 is divided by 81?
45
Calculate the remainder when 1356198 is divided by 50.
48
What is the remainder when 95657 is divided by 219?
173
What is the remainder when 234504 is divided by 1737?
9
Calculate the remainder when 441 is divided by 3.
0
Calculate the remainder when 1259240 is divided by 399.
395
Calculate the remainder when 8524 is divided by 2839.
7
Calculate the remainder when 11724 is divided by 7.
6
What is the remainder when 68435 is divided by 561?
554
What is the remainder when 108561 is divided by 1277?
16
What is the remainder when 10502 is divided by 40?
22
What is the remainder when 38539 is divided by 4280?
19
Calculate the remainder when 372962 is divided by 2181.
11
What is the remainder when 109426 is divided by 73?
72
What is the remainder when 17409 is divided by 4?
1
What is the remainder when 3422 is divided by 200?
22
Calculate the remainder when 8030 is divided by 3946.
138
Calculate the remainder when 2465 is divided by 79.
16
Calculate the remainder when 3131 is divided by 917.
380
Calculate the remainder when 215309 is divided by 499.
240
What is the remainder when 5163 is divided by 1276?
59
Calculate the remainder when 14689 is divided by 474.
469
Calculate the remainder when 7935 is divided by 3633.
669
Calculate the remainder when 2181634 is divided by 109.
108
What is the remainder when 15381 is divided by 7681?
19
Calculate the remainder when 8347 is divided by 2053.
135
What is the remainder when 2957 is divided by 2866?
91
What is the remainder when 66658 is divided by 46?
4
Calculate the remainder when 125612 is divided by 307.
49
What is the remainder when 1718 is divided by 28?
10
What is the remainder when 58231 is divided by 29045?
141
Calculate the remainder when 236507 is divided by 3.
2
What is the remainder when 5975 is divided by 166?
165
What is the remainder when 875417 is divided by 47?
42
What is the remainder when 3164 is divided by 141?
62
Calculate the remainder when 98638 is divided by 120.
118
Calculate the remainder when 2960 is divided by 12.
8
What is the remainder when 178751 is divided by 399?
398
What is the remainder when 496241 is divided by 114?
113
What is the remainder when 32564 is divided by 216?
164
What is the remainder when 2670 is divided by 191?
187
Calculate the remainder when 311866 is divided by 18.
16
What is the remainder when 19247 is divided by 41?
18
Calculate the remainder when 1217 is divided by 99.
29
What is the remainder when 270347 is divided by 105?
77
Calculate the remainder when 46815 is divided by 32.
31
Calculate the remainder when 9174 is divided by 139.
0
What is the remainder when 721273 is divided by 320?
313
What is the remainder when 22583 is divided by 24?
23
What is the remainder when 657 is divided by 653?
4
Calculate the remainder when 350864 is divided by 167.
164
Calculate the remainder when 486969 is divided by 91.
28
Calculate the remainder when 60354 is divided by 158.
156
Calculate the remainder when 2599966 is divided by 106.
104
What is the remainder when 4165 is divided by 832?
5
What is the remainder when 8658 is divided by 456?
450
Calculate the remainder when 5016 is divided by 69.
48
Calculate the remainder when 5837 is divided by 1164.
17
Calculate the remainder when 634292 is divided by 321.
317
What is the remainder when 66638 is divided by 22149?
191
What is the remainder when 1725 is divided by 847?
31
Calculate the remainder when 21010 is divided by 2261.
661
Calculate the remainder when 43922 is divided by 83.
15
What is the remainder when 2846 is divided by 101?
18
Calculate the remainder when 15510 is divided by 11.
0
What is the remainder when 131000 is divided by 138?
38
Calculate the remainder when 19350 is divided by 8808.
1734
What is the remainder when 192002 is divided by 246?
122
What is the remainder when 4749 is divided by 1548?
105
What is the remainder when 562847 is divided by 25?
22
What is the remainder when 13604 is divided by 1360?
4
What is the remainder when 49260 is divided by 24621?
18
What is the remainder when 2474 is divided by 108?
98
What is the remainder when 38159 is divided by 9534?
23
What is the remainder when 143825 is divided by 38?
33
What is the remainder when 69194 is divided by 34563?
68
What is the remainder when 83953 is divided by 848?
1
What is the remainder when 7407 is divided by 7399?
8
What is the remainder when 679432 is divided by 80?
72
Calculate the remainder when 13714 is divided by 12402.
1312
What is the remainder when 52168 is divided by 4345?
28
Calculate the remainder when 4576 is divided by 197.
45
Calculate the remainder when 22375 is divided by 287.
276
Calculate the remainder when 3948 is divided by 3502.
446
What is the remainder when 2504 is divided by 108?
20
Calculate the remainder when 117936 is divided by 218.
216
What is the remainder when 77032 is divided by 37?
35
Calculate the remainder when 63590 is divided by 115.
110
What is the remainder when 237436 is divided by 1626?
40
What is the remainder when 9693 is divided by 2422?
5
What is the remainder when 25213 is divided by 25208?
5
What is the remainder when 130177 is divided by 57?
46
What is the remainder when 8939585 is divided by 34?
33
Calculate the remainder when 1967 is divided by 316.
71
What is the remainder when 61912 is divided by 194?
26
Calculate the remainder when 5105 is divided by 102.
5
What is the remainder when 2899 is divided by 44?
39
Calc